 -2*t - 3*x - 3913, -x - 45573 = -5*t. What is the tens digit of t?
1
Let s(b) = 8*b - 8. Let f be s(2). What is the units digit of ((-20)/f + 0)*130/(-1)?
5
Suppose 11*n - p = 13*n - 15, 2*n - 6 = -4*p. What is the hundreds digit of ((-64)/n*-6)/(3/36)?
5
Suppose 580041 = 26*v + 4*v - 9*v. What is the tens digit of v?
2
Let z(l) = -8*l**2 + 13*l**2 + 8*l - 2*l - 12 - 4*l + 3*l. What is the tens digit of z(-5)?
8
Let h be (-6)/(-21) + (-2 - (-1956)/14). Suppose 9*x = 11*x - h. What is the tens digit of x?
6
Let v(g) = g**3 - 33*g**2 - 43*g - 153. What is the units digit of v(44)?
1
Let v be 1024/(-40) - (-4)/(-10). Let i be -1 + v/(4/(-2)). Suppose -11*n + i*n = 147. What is the units digit of n?
7
Let r(g) = -2*g**3 + 10*g**2 - 10*g - 2. Let u be r(3). What is the units digit of (-5565)/(-135) + u/(-18)?
1
Let b = 102 - 240. What is the units digit of 9610/14 - b/(-322)?
6
Let r(p) = 2*p - 12. Let g be r(7). Suppose g*f + 3*f = 3*h - 1410, 4*h + 5*f = 1845. Suppose -3*i = 2*i - h. What is the tens digit of i?
9
Let s be 6 + (6 - 4) + -5. What is the units digit of 25/45*s*270?
0
Let o be 31/93 + 182/(-6). Let r be -3 - 1 - (0 - 1). What is the hundreds digit of ((-132)/o)/(r/(-150))?
2
Suppose -3*c + 5*l + 71939 = 0, -l + 48042 = 2*c + 6*l. What is the hundreds digit of c?
9
Let h = 443 + -698. Let d = h + 689. What is the units digit of d?
4
What is the hundreds digit of 38916/60 - (16/10 + -2)?
6
Let s(a) = 9 + 232*a**2 - 81*a**2 + 1 - 74*a**2 - 64*a**2 - 4*a. Suppose -5*f + 12 = -f. What is the units digit of s(f)?
5
Let v(q) = 2*q**2 - 22*q + 1877. What is the units digit of v(31)?
7
What is the ten thousands digit of (-27628)/6*(-14 - (-13 + 2))?
1
Let t(z) = -396*z - 58. Let b be t(-4). Suppose 31*o - 29*o - b = 0. What is the units digit of o?
3
Suppose 2*m = 3*m. Suppose 0 = 4*l + 3*f - 24, 19 = l - m*l + 4*f. Suppose 5*h + 290 = 2*g, 2*h = -5*g - l*h + 795. What is the tens digit of g?
5
Suppose 4*n + 3*b = 61144, b = -2*n + 24823 + 5747. Suppose -4*z - n = -33*z. What is the tens digit of z?
2
Let u(c) = -21*c - 28. Let l(r) = 13*r**2 + 2*r - 2. Let j be l(1). Suppose 2*b = -j + 1. What is the tens digit of u(b)?
9
Let u = 10341 - 4566. What is the tens digit of u?
7
Let w = 4 - 24. What is the units digit of (12/w)/(4/(-3864 - -4))?
9
Let a = 371 + 39. What is the hundreds digit of (2 - -1) + (a - 62)?
3
Let r(o) = -128*o + 60. Let a(h) = -253*h + 121. Let d(s) = -5*a(s) + 11*r(s). What is the tens digit of d(-8)?
9
Suppose 3*h - 123 = -0*v + 3*v, -2*v - 121 = -3*h. Suppose s = 2*y + h + 351, -s - y = -393. What is the tens digit of s?
9
Let x = -6896 + 16498. What is the units digit of x?
2
Suppose 5*j = -2*x + 100762, -20*x + 20 = -25*x. What is the units digit of j?
4
Let v be (-1 + -14)/(6/12). Let p be 58/3 + -1 - v/45. Let d = p - -15. What is the units digit of d?
4
Let g = 4289 - -42729. What is the tens digit of g?
1
Let s be (-2372)/28 - 2/7. Suppose 90 + 450 = -3*q. Let w = s - q. What is the tens digit of w?
9
Let n(z) = 65*z - 762. What is the units digit of n(65)?
3
Suppose 17*l + 4*l - 295050 = 0. Suppose 5*o = 30*o - l. What is the tens digit of o?
6
Let p = 113 - 114. Let v(o) = -478*o - 4. Let z be v(p). Let c = z - 250. What is the hundreds digit of c?
2
Suppose -5*p - m + 4 = -3, -2*p + 16 = -4*m. Let o be (-12 - -175) + 4/p. Suppose o = 5*a + 2*b, 3*a + 115 = 7*a + 5*b. What is the tens digit of a?
3
Let s = 4276 - 3686. What is the hundreds digit of s?
5
Let j(h) = -4*h + 12. Let q be j(3). Suppose q = g + 2*r + r - 30, 0 = g + 5*r - 38. Suppose 0 = -y - g + 42. What is the units digit of y?
4
Suppose 146108 = 94*w - 386872. What is the thousands digit of w?
5
Let u = 78 + -84. Let s(t) = t**3 + 8*t**2 + 4*t + 25. What is the tens digit of s(u)?
7
Let a = -79 - 2. What is the units digit of 4/(-36) + (-41805)/a?
6
Suppose 15*g + 9*g - 45801 = 121695. What is the units digit of g?
9
Let s(t) = 2*t**3 + 3*t**2 - 3*t - 2. Let u be s(4). Let g = u + -116. Let i = 68 - g. What is the tens digit of i?
2
Suppose -32*a + 8032 = -3968. Let s = a + -38. What is the units digit of s?
7
Suppose -v + 9*v = 0. Suppose -3*d + v*d = 2*d. Suppose d*k + 88 = k. What is the units digit of k?
8
Suppose -4 = -3*u - 4*k + 17, k = 5*u - 35. Let o(x) = -u - 22*x + 3 - x**2 - 6. What is the units digit of o(-11)?
1
Let p(y) = 1261*y - 1541. What is the tens digit of p(10)?
6
Let z = -2149 - -5836. What is the hundreds digit of z?
6
Let n = -941 + 1525. Suppose -p + n + 253 = 0. What is the hundreds digit of p?
8
Let i(b) = 4*b**2 + 5*b - 1. Let t(n) = n**2 + n. Let l(o) = i(o) - 5*t(o). Let s be l(5). Let z = 8 - s. What is the units digit of z?
4
Let p = 3847 - -24171. What is the ten thousands digit of p?
2
Let t(i) = -1045*i + 115. What is the tens digit of t(-1)?
6
Let s(r) = 33*r**3 - r**2 + 3*r - 1. Let q = -32 + 43. Suppose -2*w - 5*k = -22, -4*k = -3*w - 2*w - q. What is the units digit of s(w)?
4
Let x be (2 + -2)/(-5) + 3. Suppose x*f = 209 + 37. What is the tens digit of f?
8
Let n be 24/14 + (-3 - (-92)/28). Suppose 0 = 5*z - 2*z - 3*l - 21, 4*l + 4 = -n*z. What is the tens digit of (-55 - z)*(-2)/2?
5
What is the units digit of (-3)/(-5)*(-2 + (3088 - -4))?
4
Let h = -56 - -94. Let u = 43 - h. Suppose 365 = 5*p + 5*b, -44 + 331 = 4*p + u*b. What is the units digit of p?
8
Let q be (8 + -5 - 1)/((-8)/1460). Let h = -136 - q. What is the tens digit of h?
2
Let l(u) = -u**3 - 21*u**2 + 32*u + 2. Let a be l(-23). Let m = 44 + a. What is the tens digit of m?
6
Let s = -445 + 496. Let g = s - -931. What is the units digit of g?
2
Let w(s) = -3*s - 51. Let v(d) = -49. Let f(a) = -4*v(a) + 5*w(a). What is the units digit of f(-11)?
6
Let b(i) = 151*i**2 + 1551*i - 16. What is the thousands digit of b(11)?
5
Let a be (6 + -3)/(9/(-4) + 3). Suppose 3*g = m + m + 5356, 5*m + 7146 = a*g. What is the hundreds digit of g?
7
Suppose -42*f - 2740 = -47*f. Let y = 817 - f. What is the units digit of y?
9
Suppose -5*v + 2*x = -10*v - 760, -x + 313 = -2*v. Suppose -10*n = -8*n + 442. Let k = v - n. What is the tens digit of k?
6
Let c be (204/(-17))/((-2)/1). Let l be 1/6 + 5/c. Let a = 68 + l. What is the units digit of a?
9
Let y = 21739 - -11260. What is the units digit of y?
9
Let g = 18007 + -9199. What is the units digit of g?
8
Suppose 0 = -3*z + 2950 - 2116. Let v be 6/24 + (-6249)/(-12). Let i = v - z. What is the hundreds digit of i?
2
Let j(s) = 4*s**2 + 76*s - 5. Let c be j(-19). Let k(t) be the third derivative of t**5/15 - 11*t**4/24 - 4*t**3/3 + 2*t**2. What is the units digit of k(c)?
7
Suppose 0 = 345*r - 242*r - 1965045 - 1230736. What is the thousands digit of r?
1
Let u(b) = 185*b**2 + 508*b - 63. What is the hundreds digit of u(-19)?
0
Suppose r - 29 = -l, 4*r - 96 = -2*l + 3*l. Suppose 30*p - 640 = r*p. What is the tens digit of p?
2
Let y = 5854 - -9684. What is the tens digit of y?
3
Suppose 7*f = 4*f + 393. Let j = 50 - f. What is the units digit of ((-10998)/j - 6) + 4/18?
0
Let y(c) = -2106*c + 863. What is the ten thousands digit of y(-24)?
5
Let k(o) = -o**3 - 7*o**2 + 6*o - 10. Let s be k(-8). Suppose 3*u = 6*u + s. What is the tens digit of (-364)/(-6) - u/(-3)?
6
Let a(c) = -120*c - 77. Let n be a(-13). Let l = n + -665. What is the units digit of l?
8
Suppose 132*a - 130*a = 0. Let u(j) = -j**2 - 9*j + 3. What is the units digit of u(a)?
3
Suppose 5*j - 3*s - 65658 = 0, -18*j - 26267 = -20*j + 5*s. What is the ten thousands digit of j?
1
Let x = -33 + 78. Suppose -5*z - 5*m + 1 = -4, -5*m = -5*z + x. Suppose 2*f - z*f + 198 = 0. What is the units digit of f?
6
Let o(f) = 7*f - 41. Let v be o(-7). Let u = v + 287. Let x = u + 63. What is the units digit of x?
0
Suppose -n = -4*y + 23260, 4*y - 2*n - 26603 + 3347 = 0. What is the hundreds digit of y?
8
Let s be (-2096)/10 - (-3)/(-15)*-3. Let j = -201 - s. What is the units digit of j?
8
Let h be (-6 - -52)/(0 + (-2)/(-1)). Let m = 450 - h. What is the units digit of m?
7
Let x be (0 - (-33)/24)*8. Let n = x - -74. What is the units digit of n?
5
Let s be (3/9)/((-5)/(-27615))*4. Suppose 0 = -14*o + s - 2562. What is the tens digit of o?
4
Let v(k) = -1068*k + 8844. Let z be v(8). Let w(p) = -511*p**3 + p + 1. Let l be w(-1). Let g = l - z. What is the un